8. Determine d(-13).
-47
Let i(d) = d**2 - 5*d - 11. What is i(9)?
25
Let j(u) = u**3 - 12*u**2 - 7*u + 5. Determine j(12).
-79
Let l(z) = -34*z. Determine l(-1).
34
Let n(f) = 5*f**2 - f - 2. Determine n(-2).
20
Let n(g) = -g**3 + 7*g**2 - 4*g - 3. Determine n(2).
9
Let m(j) = 6*j + 16. Give m(-6).
-20
Let t(m) = -m**3 + m**2 + m + 3. Calculate t(2).
1
Let b(t) = 11*t + 40. Determine b(-15).
-125
Let p(a) = a**2 + 4*a - 6. Give p(-5).
-1
Let m(k) = 17*k**2 + 14*k - 15. Give m(1).
16
Let q(k) = -7*k - 104. Calculate q(-15).
1
Let s(p) = p**2 + 14*p + 17. Give s(-12).
-7
Let s(h) = h**3 + 6*h**2 + 6*h - 3. Calculate s(-5).
-8
Let r(c) = -2*c**2 + 8*c + 6. Give r(7).
-36
Let g(l) = l**2 + 5*l - 16. What is g(-7)?
-2
Let d(c) = -c**3 - 88*c**2 - 173*c - 4. Determine d(-2).
-2
Let p(n) = -3*n - 9. Calculate p(-6).
9
Let c(s) = 15*s + 22. Determine c(0).
22
Let d(y) = -6*y + 34. Determine d(-17).
136
Let f(q) = -q + 17. Calculate f(19).
-2
Let k(g) = 4*g - 10. What is k(5)?
10
Let y(w) = w**3 - 20*w**2 + 35*w + 29. Determine y(18).
11
Let k(a) = 2*a**2 + 6*a + 1. Calculate k(-6).
37
Let a(f) = -f + 25. Calculate a(8).
17
Let g(r) = 3*r - 3. Give g(-4).
-15
Let p(c) = 2*c**2 + 16*c + 7. Give p(-8).
7
Let d(m) = -m**3 - 6*m**2 + 3*m + 11. Determine d(-5).
-29
Let j(l) = l**3 - 11*l**2 - 29*l + 43. Give j(13).
4
Let i(g) = 3*g + 1. Calculate i(3).
10
Let d(i) = -2*i**3 - 6*i**2 - 3*i - 5. Determine d(-3).
4
Let k(v) = 2*v**2 - 36. Determine k(5).
14
Let d(v) = v**2 - 7*v + 9. Give d(4).
-3
Let i(h) = h**2 + 7*h + 3. What is i(-3)?
-9
Let o(z) = -2*z**2 - 3*z - 1. Determine o(-4).
-21
Let j(a) = -a**2 - 9*a + 2. What is j(-8)?
10
Let j(g) = 8*g - 134. Give j(18).
10
Let g(o) = o**3 - 18*o**2 + 53*o + 28. What is g(14)?
-14
Let o(c) = -c**2 - 6*c - 2. What is o(-4)?
6
Let x(y) = -2*y**2 - 10*y + 64. What is x(-9)?
-8
Let b(n) = -n**2 - 26*n + 157. What is b(-31)?
2
Let f(a) = 3*a + 1. Calculate f(-3).
-8
Let y(b) = -6*b**2 + 2*b - 2. Calculate y(1).
-6
Let q(s) = 15*s + 9. What is q(-3)?
-36
Let b(o) = 2*o**2 + 39*o + 118. Determine b(-16).
6
Let v(i) = -2*i**2 + 11*i + 152. Calculate v(-6).
14
Let d(x) = 31*x - 25. Determine d(-4).
-149
Let t(m) = -29*m**2 + 5*m + 5. Determine t(-1).
-29
Let j(n) = -n**2 - 12*n - 23. Calculate j(-11).
-12
Let l(p) = 7*p. Calculate l(-1).
-7
Let j(c) = c**2 + 4*c - 6. What is j(-4)?
-6
Let r(w) = -w**2 + 12*w - 8. Give r(12).
-8
Let y(d) = 2*d - 73. Calculate y(38).
3
Let q(l) = -12*l + 209. Calculate q(18).
-7
Let y(j) = 5*j**2 + 9*j - 2. Give y(-3).
16
Let l(r) = r**2 + 10*r + 21. Calculate l(-2).
5
Let r(k) = -k**3 + 8*k**2 + 10*k + 3. Calculate r(9).
12
Let z(f) = -3*f**2 - 20*f + 6. What is z(-7)?
-1
Let h(l) = l**2 + 61*l + 333. Determine h(-6).
3
Let u(a) = -a**3 + 2*a**2 + 4*a - 1. Determine u(-2).
7
Let i(u) = -u**2 - 53. Give i(0).
-53
Let s(l) = 5*l - 90. Determine s(8).
-50
Let x(a) = -3*a + 2. Determine x(1).
-1
Let w(y) = y**3 + 8*y**2 - 11*y - 22. Calculate w(-9).
-4
Let h(k) = -k**3 + 11*k**2 - 11*k - 7. Calculate h(10).
-17
Let j(u) = -3*u**3 + 2*u**2 - 2*u + 3. Calculate j(2).
-17
Let t(y) = y**3 + 11*y**2 + 18*y - 2. Calculate t(-9).
-2
Let m(u) = -44*u + 91. Determine m(3).
-41
Let b(m) = m**3 + 3*m**2 - 48*m - 2. Give b(-8).
62
Let q(z) = 2*z**2 + 2*z + 2. Calculate q(4).
42
Let k(j) = 2*j + 59. Determine k(-19).
21
Let d(v) = 2*v**2 - 12*v + 10. Give d(6).
10
Let p(q) = 3*q**2 - 4*q - 13. What is p(4)?
19
Let m(a) = -a**2 + a + 3. Determine m(4).
-9
Let g(d) = 6*d - 42. What is g(6)?
-6
Let t(x) = -x**3 + 11*x**2 + x + 9. What is t(11)?
20
Let i(d) = d - 3. Calculate i(-2).
-5
Let n(p) = p**3 + 10*p**2 + 18*p - 16. Calculate n(-8).
-32
Let r(t) = -16*t + 153. Determine r(8).
25
Let h(d) = d + 21. What is h(-24)?
-3
Let j(l) = -l**2 + 3*l + 4. Calculate j(5).
-6
Let q(l) = -l**2 + 33*l + 114. Give q(36).
6
Let z(n) = -n**3 - n - 4. What is z(0)?
-4
Let d(n) = 9*n. Determine d(2).
18
Let s(o) = -2*o**2 + 9*o + 9. What is s(-1)?
-2
Let g(a) = 5*a**2 + a - 8. Give g(-4).
68
Let o(r) = r**2 - 10*r - 15. Give o(10).
-15
Let x(c) = -c**3 + 2*c**2 + 7. Determine x(3).
-2
Let p(m) = m**2 - 24*m + 131. Determine p(9).
-4
Let w(r) = r - 78. What is w(0)?
-78
Let a(z) = z + 14. Determine a(7).
21
Let b(q) = -q**2 + 8*q + 13. What is b(10)?
-7
Let o(s) = -s**3 - 56*s**2 + 58*s + 54. Determine o(-57).
-3
Let y(d) = -3*d**2 + 7*d. Calculate y(5).
-40
Let p(b) = b**2 + 70*b + 598. Give p(-10).
-2
Let t(g) = -g**2 - 5*g - 9. What is t(-9)?
-45
Let a(h) = -2*h**2 - 47*h + 31. Calculate a(-24).
7
Let o(j) = 4*j**2 + j - 2. What is o(-2)?
12
Let a(v) = v**2 - v. Give a(-1).
2
Let i(w) = w - 71. Give i(-29).
-100
Let m(s) = s + 10. Calculate m(0).
10
Let j(k) = -2*k**2 + k - 2. Determine j(1).
-3
Let x(d) = 3*d - 5. Calculate x(11).
28
Let f(k) = k**3 + 4*k**2 - 10*k + 20. What is f(-6)?
8
Let i(z) = -6*z**2 - 2*z + 2. Give i(-3).
-46
Let h(g) = 18*g - 25. Give h(6).
83
Let i(p) = -p**2 + 4*p - 5. Determine i(3).
-2
Let o(p) = 5*p + 6. Determine o(-4).
-14
Let s(u) = 12*u - 13. Give s(3).
23
Let b(i) = 4*i + 16. Determine b(-7).
-12
Let a(j) = -j**3 + 6*j**2 - 15. Determine a(4).
17
Let y(p) = p**3 + 3*p**2 - 7*p + 1. Determine y(2).
7
Let k(n) = -76*n**2 - 458*n - 14. Give k(-6).
-2
Let j(a) = -a**2 - 13*a + 14. Calculate j(-10).
44
Let j(s) = -96*s + 3. What is j(1)?
-93
Let z(b) = 11*b**2 + 6*b + 8. What is z(-3)?
89
Let q(a) = -a - 5. Calculate q(5).
-10
Let h(v) = v**3 + 6*v**2 - 8*v - 2. Give h(-7).
5
Let z(d) = 3*d - 9. Give z(6).
9
Let h(q) = 3*q**3 + q**2 + 2*q + 4. What is h(-3)?
-74
Let c(v) = v**3 - 2*v**2 + 3*v. Calculate c(3).
18
Let r(x) = 6*x + 26. Give r(-4).
2
Let a(o) = o**3 + 3*o**2 - 12*o - 17. Give a(-5).
-7
Let g(p) = -3*p - 13. What is g(-10)?
17
Let u(v) = 7*v**2 - 3*v + 2. Calculate u(3).
56
Let a(b) = b**3 - 9*b**2 + 2*b - 31. Calculate a(9).
-13
Let k(j) = j**3 + j**2 - 6*j - 2. Give k(-3).
-2
Let n(u) = u**3 - 5*u**2 - u + 4. Determine n(5).
-1
Let q(b) = b**3 - 4*b**2 - 2*b + 9. Give q(3).
-6
Let p(a) = 9*a**2 + 2*a - 7. Determine p(-3).
68
Let q(c) = -5*c**2 - 105*c + 4. Calculate q(-21).
4
Let b(c) = c**3 + 12*c**2 - 30*c. Calculate b(-14).
28
Let y(s) = s**2 + 8*s - 2. Determine y(-5).
-17
Let z(i) = i**3 + 9*i**2 + 8*i - 3. Calculate z(-7).
39
Let x(k) = 9*k. Determine x(0).
0
Let f(v) = v**2 + 3*v + 8. Give f(0).
8
Let u(d) = -d**3 + 6*d**2 - 1. Determine u(5).
24
Let d(t) = -2*t**3 - 17*t**2 + 12*t + 5. Determine d(-9).
-22
Let y(k) = 3*k - 6. Give y(5).
9
Let m(v) = 5*v**3 - 6*v**2 + 3*v + 3. Determine m(2).
25
Let n(b) = b**3 + b**2 - 3*b - 1. Calculate n(-3).
-10
Let s(q) = -q**2 - 16*q - 6. What is s(-15)?
9
Let c(i) = 16*i - 1. What is c(1)?
15
Let r(x) = -x**3 + 3*x**2 + 2*x - 6. Give r(4).
-14
Let s(a) = -a**3 - 11*a**2 + 12*a + 3. What is s(-12)?
3
Let c(o) = 4*o - 57. Calculate c(18).
15
Let m(s) = 8*s**3 - s - 1. Give m(-1).
-8
Let w(d) = 4*d - 6. Determine w(6).
18
Let r(z) = z**3 + 10*z**2 - 6. Calculate r(-10).
-6
Let z(b) = 5*b + 11. What is z(-8)?
-29
Let j(t) = 5*t + 5. Determine j(-2).
-5
Let i(j) = j**3 + 6*j**2 - 7*j - 8. Give i(-7).
-8
Let w(b) = b + 40. Determine w(-34).
6
Let g(s) = -s**2 - 2. Give g(1).
-3
Let a(n) = n**2 - 2*n - 4. Give a(-2).
4
Let a(s) = 7*s - 46. What is a(5)?
-11
Let j(a) = a + 8. Determine j(4).
12
Let i(x) = -8*x - 61. What is i(-8)?
3
Let o(a) = 2*a**3 - 3*a**2 - 10*a + 29. Determine o(2).
13
Let x(f) = 6*f**2 - 2. Determine x(2).
22
Let j(i) = -16*i - 28. Calculate j(-2).
4
Let t(l) = -43*l - 7. What is t(-1)?
36
Let v(b) = -7*b + 11. Give v(4).
-17
Let k(y) = -y**3 - 3*y**2 + 3*y + 5. What is k(-3)?
-4
Let t(z) = -z**3 + 2*z**2 + z - 4. Determine t(3).
-10
Let g(x) = x**3 - 11*x**2 + 12*x - 7. Give g(10).
13
Let r(s) = s + 16. Calculate r(-9).
7
Let x(a) = -a**3 + 14*a**2 + 12*a + 13. What is x(15)?
-32
Let r(x) = x**3 - 3*x**2 - x - 1. What is r(2)?
-7
Let p(j) = 5*j + 2. Determine p(3).
17
Let w(y) = -y**3 - 14*y**2 - 43*y + 17. Calculate w(-7).
-25
Let i(k) = 3*k + 4. Determine i(7).
25
Let k(w) = -2*w**3 - 10*w**2 - 11*w - 13. Give k(-4).
-1
Let p(w) = 2*w**2 - 4*w + 5. What is p(2)?
5
Let d(c) = -18*c - 74. Calculate d(-5).
16
Let r(h) = -h - 4. Give r(9).
-13
Let v(j) = 3*j - 4. Calculate v(-3).
-13
Let r(a) = a + 2. Calcul